{"id":40,"date":"2021-11-09T21:20:53","date_gmt":"2021-11-09T21:20:53","guid":{"rendered":"https:\/\/www.janrik.se\/?page_id=40"},"modified":"2025-02-28T13:53:50","modified_gmt":"2025-02-28T13:53:50","slug":"kontakt","status":"publish","type":"page","link":"https:\/\/www.janrik.se\/?page_id=40","title":{"rendered":"Kontakt"},"content":{"rendered":"\n<div class=\"wp-block-columns is-layout-flex wp-container-core-columns-is-layout-9d6595d7 wp-block-columns-is-layout-flex\">\n<div class=\"wp-block-column col-md-12 is-layout-flow wp-block-column-is-layout-flow\" style=\"flex-basis:60%\">\n<h2 class=\"wp-block-heading\">Kontakt<\/h2>\n\n\n\n<div class=\"wp-block-columns is-layout-flex wp-container-core-columns-is-layout-9d6595d7 wp-block-columns-is-layout-flex\">\n<div class=\"wp-block-column is-layout-flow wp-block-column-is-layout-flow\">\n<h4 class=\"wp-block-heading\"><strong>Byggnadsfirma <\/strong><br><strong>Janrik &amp; CO AB<\/strong><\/h4>\n\n\n\n<p>Rottnerosbacken 3 <br>123 48 Farsta<br>Telefon: 08-711 8005<br>E-post: mail@janrik.se<br>Fakturor: faktura@janrik.se<\/p>\n<\/div>\n\n\n\n<div class=\"wp-block-column is-layout-flow wp-block-column-is-layout-flow\">\n<h4 class=\"wp-block-heading\"><br><strong>Snickeri<\/strong> &amp; Kontor<\/h4>\n\n\n\n<p>Speditionsv\u00e4gen 21<br>(L\u00e4nna industriomr\u00e5de)<br>142 50 Skog\u00e5s<\/p>\n<\/div>\n<\/div>\n\n\n\n<p class=\"has-small-font-size\">.<\/p>\n\n\n\n<h2 class=\"wp-block-heading\">Medarbetare<\/h2>\n\n\n\n<div class=\"wp-block-columns is-layout-flex wp-container-core-columns-is-layout-9d6595d7 wp-block-columns-is-layout-flex\">\n<div class=\"wp-block-column is-layout-flow wp-block-column-is-layout-flow\">\n<h4 class=\"wp-block-heading\"><strong>Lars Janrik<\/strong><\/h4>\n\n\n\n<p>Vd<br>0709-356 350<br>mail@janrik.se<\/p>\n<\/div>\n\n\n\n<div class=\"wp-block-column is-layout-flow wp-block-column-is-layout-flow\">\n<h4 class=\"wp-block-heading\"><strong>Karin Janrik<\/strong><\/h4>\n\n\n\n<p>Tr\u00e4dg\u00e5rdsarkitekt<br>0709-356 351<br>mail@janrik.se<\/p>\n<\/div>\n\n\n\n<div class=\"wp-block-column is-layout-flow wp-block-column-is-layout-flow\">\n<h4 class=\"wp-block-heading\"><strong>Anki Kristensen<\/strong><\/h4>\n\n\n\n<p>Ekonomi &amp; Projektledare<br>0709-356 357<br>anki@janrik.se<\/p>\n<\/div>\n<\/div>\n\n\n\n<div class=\"wp-block-columns is-layout-flex wp-container-core-columns-is-layout-9d6595d7 wp-block-columns-is-layout-flex\">\n<div class=\"wp-block-column is-layout-flow wp-block-column-is-layout-flow\">\n<h4 class=\"wp-block-heading\"><strong><strong>Elmar Chabalov<\/strong><\/strong><\/h4>\n\n\n\n<p>Projekt-\/arbetsledare<br>0709-356 355<br>elmar@janrik.se<\/p>\n<\/div>\n\n\n\n<div class=\"wp-block-column is-layout-flow wp-block-column-is-layout-flow\">\n<h4 class=\"wp-block-heading\"><strong><strong>George Stanciu<\/strong><\/strong><\/h4>\n\n\n\n<p>Elprojekt-\/arbetsledare<br>0709-356 352<br>george@janrik.se<\/p>\n<\/div>\n\n\n\n<div class=\"wp-block-column is-layout-flow wp-block-column-is-layout-flow\">\n<h4 class=\"wp-block-heading\"><strong><strong>Vasyl Tokach<\/strong><\/strong><\/h4>\n\n\n\n<p>Projekt-\/arbetsledare<br>073-620 10 81<br>vasyl@janrik.se<\/p>\n<\/div>\n<\/div>\n\n\n\n<div class=\"wp-block-columns is-layout-flex wp-container-core-columns-is-layout-9d6595d7 wp-block-columns-is-layout-flex\">\n<div class=\"wp-block-column is-layout-flow wp-block-column-is-layout-flow\">\n<h4 class=\"wp-block-heading\"><strong><strong>Mats Norling<\/strong><\/strong><\/h4>\n\n\n\n<p>Projekt-\/arbetsledare<br>070-456 25 75<br>mats@janrik.se<\/p>\n<\/div>\n\n\n\n<div class=\"wp-block-column is-layout-flow wp-block-column-is-layout-flow\">\n<h4 class=\"wp-block-heading\"><strong><strong> <\/strong>Caroline Janrik<\/strong><\/h4>\n\n\n\n<p>Projektledare &amp; ekonomi<br>0709-356 356<br>caroline@janrik.se<\/p>\n<\/div>\n\n\n\n<div class=\"wp-block-column is-layout-flow wp-block-column-is-layout-flow\">\n<h4 class=\"wp-block-heading\"><\/h4>\n\n\n\n<p><br><br><\/p>\n<\/div>\n<\/div>\n<\/div>\n\n\n\n<div class=\"wp-block-column col-md-12 is-layout-flow wp-block-column-is-layout-flow\" style=\"flex-basis:40%\">\n<figure class=\"wp-block-image size-full\"><img loading=\"lazy\" decoding=\"async\" width=\"672\" height=\"1015\" src=\"https:\/\/www.janrik.se\/wp-content\/uploads\/2021\/11\/Screenshot-from-2021-11-13-20-47-09.png\" alt=\"\" class=\"wp-image-97\" srcset=\"https:\/\/www.janrik.se\/wp-content\/uploads\/2021\/11\/Screenshot-from-2021-11-13-20-47-09.png 672w, https:\/\/www.janrik.se\/wp-content\/uploads\/2021\/11\/Screenshot-from-2021-11-13-20-47-09-199x300.png 199w\" sizes=\"auto, (max-width: 672px) 100vw, 672px\" \/><\/figure>\n<\/div>\n<\/div>\n\n\n\n<p><\/p>\n","protected":false},"excerpt":{"rendered":"<p>Kontakt Byggnadsfirma Janrik &amp; CO AB Rottnerosbacken 3 123 48 FarstaTelefon: 08-711 8005E-post: mail@janrik.seFakturor: faktura@janrik.se Snickeri &amp; Kontor Speditionsv\u00e4gen 21(L\u00e4nna industriomr\u00e5de)142 50 Skog\u00e5s . Medarbetare Lars Janrik Vd0709-356 350mail@janrik.se Karin Janrik Tr\u00e4dg\u00e5rdsarkitekt0709-356 351mail@janrik.se Anki Kristensen Ekonomi &amp; Projektledare0709-356 357anki@janrik.se Elmar Chabalov Projekt-\/arbetsledare0709-356 355elmar@janrik.se George Stanciu Elprojekt-\/arbetsledare0709-356 352george@janrik.se Vasyl Tokach Projekt-\/arbetsledare073-620 10 81vasyl@janrik.se Mats Norling Projekt-\/arbetsledare070-456 [&hellip;]<\/p>\n","protected":false},"author":1,"featured_media":0,"parent":0,"menu_order":0,"comment_status":"closed","ping_status":"closed","template":"","meta":{"footnotes":""},"class_list":["post-40","page","type-page","status-publish","hentry"],"_links":{"self":[{"href":"https:\/\/www.janrik.se\/index.php?rest_route=\/wp\/v2\/pages\/40","targetHints":{"allow":["GET"]}}],"collection":[{"href":"https:\/\/www.janrik.se\/index.php?rest_route=\/wp\/v2\/pages"}],"about":[{"href":"https:\/\/www.janrik.se\/index.php?rest_route=\/wp\/v2\/types\/page"}],"author":[{"embeddable":true,"href":"https:\/\/www.janrik.se\/index.php?rest_route=\/wp\/v2\/users\/1"}],"replies":[{"embeddable":true,"href":"https:\/\/www.janrik.se\/index.php?rest_route=%2Fwp%2Fv2%2Fcomments&post=40"}],"version-history":[{"count":31,"href":"https:\/\/www.janrik.se\/index.php?rest_route=\/wp\/v2\/pages\/40\/revisions"}],"predecessor-version":[{"id":319,"href":"https:\/\/www.janrik.se\/index.php?rest_route=\/wp\/v2\/pages\/40\/revisions\/319"}],"wp:attachment":[{"href":"https:\/\/www.janrik.se\/index.php?rest_route=%2Fwp%2Fv2%2Fmedia&parent=40"}],"curies":[{"name":"wp","href":"https:\/\/api.w.org\/{rel}","templated":true}]}}